{"id":21,"date":"2020-01-29T10:19:17","date_gmt":"2020-01-29T13:19:17","guid":{"rendered":"http:\/\/sitios.ucsc.cl\/convenios\/?page_id=21"},"modified":"2020-01-29T16:20:05","modified_gmt":"2020-01-29T19:20:05","slug":"como-solicitar-los-bonos-de-acuerdo-al-contrato-colectivo","status":"publish","type":"page","link":"https:\/\/sitios.ucsc.cl\/convenios\/como-solicitar-los-bonos-de-acuerdo-al-contrato-colectivo\/","title":{"rendered":"\u00bfC\u00f3mo solicitar los bonos de acuerdo al contrato colectivo?"},"content":{"rendered":"<h3><a href=\"http:\/\/sitios.ucsc.cl\/convenios\/como-comenzar\/\">&gt;&gt; Informate como comenzar<\/a><\/h3>\n<p>Ingrese a la secci\u00f3n &#8220;Direcci\u00f3n de gesti\u00f3n de personal&#8221; =&gt; Beneficios =&gt; Ingreso y seleccione el grupo de beneficios &#8220;Bonos&#8221; para luego seleccionar el tipo de beneficio que requiere<\/p>\n<div class=\"almedio\">\n<p><img loading=\"lazy\" class=\"alignnone size-full wp-image-64\" src=\"http:\/\/sitios.ucsc.cl\/convenios\/wp-content\/uploads\/sites\/114\/2020\/01\/alphaben.jpg\" alt=\"\" width=\"1902\" height=\"515\" srcset=\"https:\/\/sitios.ucsc.cl\/convenios\/wp-content\/uploads\/sites\/114\/2020\/01\/alphaben.jpg 1902w, https:\/\/sitios.ucsc.cl\/convenios\/wp-content\/uploads\/sites\/114\/2020\/01\/alphaben-300x81.jpg 300w, https:\/\/sitios.ucsc.cl\/convenios\/wp-content\/uploads\/sites\/114\/2020\/01\/alphaben-768x208.jpg 768w, https:\/\/sitios.ucsc.cl\/convenios\/wp-content\/uploads\/sites\/114\/2020\/01\/alphaben-1024x277.jpg 1024w, https:\/\/sitios.ucsc.cl\/convenios\/wp-content\/uploads\/sites\/114\/2020\/01\/alphaben-200x54.jpg 200w\" sizes=\"(max-width: 1902px) 100vw, 1902px\" \/><\/p>\n<\/div>\n<p>&nbsp;<\/p>\n<p><strong>Bonos que puede solicitar y documentaci\u00f3n que debe adjuntar<\/strong><\/p>\n<ul>\n<li><strong>Bono de matrimonio<\/strong>: Adjuntar certificado de matrimonio reciente.<\/li>\n<li><strong>Bono de nacimiento<\/strong>: Adjuntar certificado de nacimiento del\/la reci\u00e9n nacido.<\/li>\n<li><strong>Bono de defunci\u00f3n<\/strong>: Adjuntar certificado de defunci\u00f3n (padres, hijos o c\u00f3nyuge)<\/li>\n<li><strong>Escolaridad Pre \u2013 kinder<\/strong>: Adjuntar certificado de alumno regular o comprobante de matr\u00edcula.<\/li>\n<li><strong>Escolaridad kinder<\/strong>: Adjuntar certificado de alumno regular o comprobante de matr\u00edcula.<\/li>\n<li><strong>Escolaridad b\u00e1sic<\/strong>a: Adjuntar certificado de alumno regular o comprobante de matr\u00edcula.<\/li>\n<li><strong>Ense\u00f1anza media<\/strong>: Adjuntar certificado de alumno regular o comprobante de matr\u00edcula.<\/li>\n<li><strong>Ense\u00f1anza especial<\/strong>: Adjuntar certificado de alumno regular o comprobante de matr\u00edcula.<\/li>\n<li><strong>Ense\u00f1anza universitaria<\/strong>: Adjuntar certificado de alumno regular o comprobante de matr\u00edcula.<\/li>\n<\/ul>\n","protected":false},"excerpt":{"rendered":"<p>&gt;&gt; Informate como comenzar Ingrese a la secci\u00f3n &#8220;Direcci\u00f3n de gesti\u00f3n de personal&#8221; =&gt; Beneficios =&gt; Ingreso y seleccione el grupo de beneficios &#8220;Bonos&#8221; para luego seleccionar el tipo de beneficio que requiere &nbsp; Bonos que puede solicitar y documentaci\u00f3n que debe adjuntar Bono de matrimonio: Adjuntar certificado de matrimonio reciente. Bono de nacimiento: Adjuntar [&hellip;]<\/p>\n","protected":false},"author":20,"featured_media":0,"parent":0,"menu_order":0,"comment_status":"closed","ping_status":"closed","template":"","meta":[],"yoast_head":"<!-- This site is optimized with the Yoast SEO plugin v18.9 - https:\/\/yoast.com\/wordpress\/plugins\/seo\/ -->\n<title>\u00bfC\u00f3mo solicitar los bonos de acuerdo al contrato colectivo? - Beneficios institucionales<\/title>\n<meta name=\"robots\" content=\"index, follow, max-snippet:-1, max-image-preview:large, max-video-preview:-1\" \/>\n<link rel=\"canonical\" href=\"https:\/\/sitios.ucsc.cl\/convenios\/como-solicitar-los-bonos-de-acuerdo-al-contrato-colectivo\/\" \/>\n<meta property=\"og:locale\" content=\"es_ES\" \/>\n<meta property=\"og:type\" content=\"article\" \/>\n<meta property=\"og:title\" content=\"\u00bfC\u00f3mo solicitar los bonos de acuerdo al contrato colectivo? - Beneficios institucionales\" \/>\n<meta property=\"og:description\" content=\"&gt;&gt; Informate como comenzar Ingrese a la secci\u00f3n &#8220;Direcci\u00f3n de gesti\u00f3n de personal&#8221; =&gt; Beneficios =&gt; Ingreso y seleccione el grupo de beneficios &#8220;Bonos&#8221; para luego seleccionar el tipo de beneficio que requiere &nbsp; Bonos que puede solicitar y documentaci\u00f3n que debe adjuntar Bono de matrimonio: Adjuntar certificado de matrimonio reciente. Bono de nacimiento: Adjuntar [&hellip;]\" \/>\n<meta property=\"og:url\" content=\"https:\/\/sitios.ucsc.cl\/convenios\/como-solicitar-los-bonos-de-acuerdo-al-contrato-colectivo\/\" \/>\n<meta property=\"og:site_name\" content=\"Beneficios institucionales\" \/>\n<meta property=\"article:modified_time\" content=\"2020-01-29T19:20:05+00:00\" \/>\n<meta property=\"og:image\" content=\"http:\/\/sitios.ucsc.cl\/convenios\/wp-content\/uploads\/sites\/114\/2020\/01\/alphaben.jpg\" \/>\n<meta name=\"twitter:card\" content=\"summary\" \/>\n<meta name=\"twitter:label1\" content=\"Tiempo de lectura\" \/>\n\t<meta name=\"twitter:data1\" content=\"1 minuto\" \/>\n<script type=\"application\/ld+json\" class=\"yoast-schema-graph\">{\"@context\":\"https:\/\/schema.org\",\"@graph\":[{\"@type\":\"WebSite\",\"@id\":\"https:\/\/sitios.ucsc.cl\/convenios\/#website\",\"url\":\"https:\/\/sitios.ucsc.cl\/convenios\/\",\"name\":\"Beneficios institucionales\",\"description\":\"\",\"potentialAction\":[{\"@type\":\"SearchAction\",\"target\":{\"@type\":\"EntryPoint\",\"urlTemplate\":\"https:\/\/sitios.ucsc.cl\/convenios\/?s={search_term_string}\"},\"query-input\":\"required name=search_term_string\"}],\"inLanguage\":\"es\"},{\"@type\":\"ImageObject\",\"inLanguage\":\"es\",\"@id\":\"https:\/\/sitios.ucsc.cl\/convenios\/como-solicitar-los-bonos-de-acuerdo-al-contrato-colectivo\/#primaryimage\",\"url\":\"https:\/\/sitios.ucsc.cl\/convenios\/wp-content\/uploads\/sites\/114\/2020\/01\/alphaben.jpg\",\"contentUrl\":\"https:\/\/sitios.ucsc.cl\/convenios\/wp-content\/uploads\/sites\/114\/2020\/01\/alphaben.jpg\",\"width\":1902,\"height\":515},{\"@type\":\"WebPage\",\"@id\":\"https:\/\/sitios.ucsc.cl\/convenios\/como-solicitar-los-bonos-de-acuerdo-al-contrato-colectivo\/#webpage\",\"url\":\"https:\/\/sitios.ucsc.cl\/convenios\/como-solicitar-los-bonos-de-acuerdo-al-contrato-colectivo\/\",\"name\":\"\u00bfC\u00f3mo solicitar los bonos de acuerdo al contrato colectivo? - Beneficios institucionales\",\"isPartOf\":{\"@id\":\"https:\/\/sitios.ucsc.cl\/convenios\/#website\"},\"primaryImageOfPage\":{\"@id\":\"https:\/\/sitios.ucsc.cl\/convenios\/como-solicitar-los-bonos-de-acuerdo-al-contrato-colectivo\/#primaryimage\"},\"datePublished\":\"2020-01-29T13:19:17+00:00\",\"dateModified\":\"2020-01-29T19:20:05+00:00\",\"breadcrumb\":{\"@id\":\"https:\/\/sitios.ucsc.cl\/convenios\/como-solicitar-los-bonos-de-acuerdo-al-contrato-colectivo\/#breadcrumb\"},\"inLanguage\":\"es\",\"potentialAction\":[{\"@type\":\"ReadAction\",\"target\":[\"https:\/\/sitios.ucsc.cl\/convenios\/como-solicitar-los-bonos-de-acuerdo-al-contrato-colectivo\/\"]}]},{\"@type\":\"BreadcrumbList\",\"@id\":\"https:\/\/sitios.ucsc.cl\/convenios\/como-solicitar-los-bonos-de-acuerdo-al-contrato-colectivo\/#breadcrumb\",\"itemListElement\":[{\"@type\":\"ListItem\",\"position\":1,\"name\":\"Inicio\",\"item\":\"https:\/\/sitios.ucsc.cl\/convenios\/\"},{\"@type\":\"ListItem\",\"position\":2,\"name\":\"\u00bfC\u00f3mo solicitar los bonos de acuerdo al contrato colectivo?\"}]}]}<\/script>\n<!-- \/ Yoast SEO plugin. -->","yoast_head_json":{"title":"\u00bfC\u00f3mo solicitar los bonos de acuerdo al contrato colectivo? - Beneficios institucionales","robots":{"index":"index","follow":"follow","max-snippet":"max-snippet:-1","max-image-preview":"max-image-preview:large","max-video-preview":"max-video-preview:-1"},"canonical":"https:\/\/sitios.ucsc.cl\/convenios\/como-solicitar-los-bonos-de-acuerdo-al-contrato-colectivo\/","og_locale":"es_ES","og_type":"article","og_title":"\u00bfC\u00f3mo solicitar los bonos de acuerdo al contrato colectivo? - Beneficios institucionales","og_description":"&gt;&gt; Informate como comenzar Ingrese a la secci\u00f3n &#8220;Direcci\u00f3n de gesti\u00f3n de personal&#8221; =&gt; Beneficios =&gt; Ingreso y seleccione el grupo de beneficios &#8220;Bonos&#8221; para luego seleccionar el tipo de beneficio que requiere &nbsp; Bonos que puede solicitar y documentaci\u00f3n que debe adjuntar Bono de matrimonio: Adjuntar certificado de matrimonio reciente. Bono de nacimiento: Adjuntar [&hellip;]","og_url":"https:\/\/sitios.ucsc.cl\/convenios\/como-solicitar-los-bonos-de-acuerdo-al-contrato-colectivo\/","og_site_name":"Beneficios institucionales","article_modified_time":"2020-01-29T19:20:05+00:00","og_image":[{"url":"http:\/\/sitios.ucsc.cl\/convenios\/wp-content\/uploads\/sites\/114\/2020\/01\/alphaben.jpg"}],"twitter_card":"summary","twitter_misc":{"Tiempo de lectura":"1 minuto"},"schema":{"@context":"https:\/\/schema.org","@graph":[{"@type":"WebSite","@id":"https:\/\/sitios.ucsc.cl\/convenios\/#website","url":"https:\/\/sitios.ucsc.cl\/convenios\/","name":"Beneficios institucionales","description":"","potentialAction":[{"@type":"SearchAction","target":{"@type":"EntryPoint","urlTemplate":"https:\/\/sitios.ucsc.cl\/convenios\/?s={search_term_string}"},"query-input":"required name=search_term_string"}],"inLanguage":"es"},{"@type":"ImageObject","inLanguage":"es","@id":"https:\/\/sitios.ucsc.cl\/convenios\/como-solicitar-los-bonos-de-acuerdo-al-contrato-colectivo\/#primaryimage","url":"https:\/\/sitios.ucsc.cl\/convenios\/wp-content\/uploads\/sites\/114\/2020\/01\/alphaben.jpg","contentUrl":"https:\/\/sitios.ucsc.cl\/convenios\/wp-content\/uploads\/sites\/114\/2020\/01\/alphaben.jpg","width":1902,"height":515},{"@type":"WebPage","@id":"https:\/\/sitios.ucsc.cl\/convenios\/como-solicitar-los-bonos-de-acuerdo-al-contrato-colectivo\/#webpage","url":"https:\/\/sitios.ucsc.cl\/convenios\/como-solicitar-los-bonos-de-acuerdo-al-contrato-colectivo\/","name":"\u00bfC\u00f3mo solicitar los bonos de acuerdo al contrato colectivo? - Beneficios institucionales","isPartOf":{"@id":"https:\/\/sitios.ucsc.cl\/convenios\/#website"},"primaryImageOfPage":{"@id":"https:\/\/sitios.ucsc.cl\/convenios\/como-solicitar-los-bonos-de-acuerdo-al-contrato-colectivo\/#primaryimage"},"datePublished":"2020-01-29T13:19:17+00:00","dateModified":"2020-01-29T19:20:05+00:00","breadcrumb":{"@id":"https:\/\/sitios.ucsc.cl\/convenios\/como-solicitar-los-bonos-de-acuerdo-al-contrato-colectivo\/#breadcrumb"},"inLanguage":"es","potentialAction":[{"@type":"ReadAction","target":["https:\/\/sitios.ucsc.cl\/convenios\/como-solicitar-los-bonos-de-acuerdo-al-contrato-colectivo\/"]}]},{"@type":"BreadcrumbList","@id":"https:\/\/sitios.ucsc.cl\/convenios\/como-solicitar-los-bonos-de-acuerdo-al-contrato-colectivo\/#breadcrumb","itemListElement":[{"@type":"ListItem","position":1,"name":"Inicio","item":"https:\/\/sitios.ucsc.cl\/convenios\/"},{"@type":"ListItem","position":2,"name":"\u00bfC\u00f3mo solicitar los bonos de acuerdo al contrato colectivo?"}]}]}},"_links":{"self":[{"href":"https:\/\/sitios.ucsc.cl\/convenios\/wp-json\/wp\/v2\/pages\/21"}],"collection":[{"href":"https:\/\/sitios.ucsc.cl\/convenios\/wp-json\/wp\/v2\/pages"}],"about":[{"href":"https:\/\/sitios.ucsc.cl\/convenios\/wp-json\/wp\/v2\/types\/page"}],"author":[{"embeddable":true,"href":"https:\/\/sitios.ucsc.cl\/convenios\/wp-json\/wp\/v2\/users\/20"}],"replies":[{"embeddable":true,"href":"https:\/\/sitios.ucsc.cl\/convenios\/wp-json\/wp\/v2\/comments?post=21"}],"version-history":[{"count":44,"href":"https:\/\/sitios.ucsc.cl\/convenios\/wp-json\/wp\/v2\/pages\/21\/revisions"}],"predecessor-version":[{"id":172,"href":"https:\/\/sitios.ucsc.cl\/convenios\/wp-json\/wp\/v2\/pages\/21\/revisions\/172"}],"wp:attachment":[{"href":"https:\/\/sitios.ucsc.cl\/convenios\/wp-json\/wp\/v2\/media?parent=21"}],"curies":[{"name":"wp","href":"https:\/\/api.w.org\/{rel}","templated":true}]}}